{"id":361,"date":"2016-11-29T20:20:58","date_gmt":"2016-11-29T19:20:58","guid":{"rendered":"http:\/\/mojakrew.org\/?page_id=361"},"modified":"2016-12-08T23:08:12","modified_gmt":"2016-12-08T22:08:12","slug":"zostan-honorowym-dawca-krwi","status":"publish","type":"page","link":"https:\/\/mojakrew.org\/index.php\/zostan-honorowym-dawca-krwi\/","title":{"rendered":"Zosta\u0144 Honorowym Dawc\u0105 Krwi"},"content":{"rendered":"<p>[et_pb_section admin_label=&#8221;section&#8221;][et_pb_row admin_label=&#8221;row&#8221;][et_pb_column type=&#8221;4_4&#8243;][et_pb_text admin_label=&#8221;Tekst&#8221; background_layout=&#8221;light&#8221; text_orientation=&#8221;left&#8221; header_font=&#8221;|on|||&#8221; header_font_size=&#8221;45&#8243; use_border_color=&#8221;off&#8221; border_color=&#8221;#ffffff&#8221; border_style=&#8221;solid&#8221;]<\/p>\n<h1 style=\"text-align: center;\"><span style=\"color: #ff0000;\">Ty te\u017c mo\u017cesz by\u0107 Honorowym Dawc\u0105 Krwi<\/span><\/h1>\n<p>[\/et_pb_text][\/et_pb_column][\/et_pb_row][\/et_pb_section][et_pb_section admin_label=&#8221;Sekcja&#8221; fullwidth=&#8221;off&#8221; specialty=&#8221;off&#8221; transparent_background=&#8221;off&#8221; allow_player_pause=&#8221;off&#8221; inner_shadow=&#8221;off&#8221; parallax=&#8221;off&#8221; parallax_method=&#8221;off&#8221; padding_mobile=&#8221;off&#8221; make_fullwidth=&#8221;off&#8221; use_custom_width=&#8221;off&#8221; width_unit=&#8221;on&#8221; make_equal=&#8221;off&#8221; use_custom_gutter=&#8221;off&#8221; background_color=&#8221;#e02b20&#8243;][et_pb_row admin_label=&#8221;Wiersz&#8221;][et_pb_column type=&#8221;2_3&#8243;][et_pb_text admin_label=&#8221;Tekst&#8221; background_layout=&#8221;light&#8221; text_orientation=&#8221;left&#8221; use_border_color=&#8221;off&#8221; border_color=&#8221;#ffffff&#8221; border_style=&#8221;solid&#8221; custom_padding=&#8221;10%|||&#8221;]<\/p>\n<h2><span style=\"color: #ffffff;\">Ty te\u017c mo\u017cesz odda\u0107 krew, wystarczy, \u017ce:<\/span><\/h2>\n<p>[\/et_pb_text][et_pb_text admin_label=&#8221;Tekst&#8221; background_layout=&#8221;dark&#8221; text_orientation=&#8221;left&#8221; use_border_color=&#8221;off&#8221; border_color=&#8221;#ffffff&#8221; border_style=&#8221;solid&#8221;]<\/p>\n<ul>\n<li>masz od 18 do 65 lat i wa\u017cysz co najmniej 50 kg<\/li>\n<li>w ci\u0105gu ostatnich 6 miesi\u0119cy nie wykonano u Ciebie tatua\u017cu, przek\u0142ucia uszu lub innych cz\u0119\u015bci cia\u0142a<\/li>\n<li>w ci\u0105gu ostatnich 6 miesi\u0119cy nie mia\u0142e\u015b wykonanych diagnostycznych bada\u0144 i zabieg\u00f3w endoskopowych (gastroskopii, panendoskopii, artroskopii, laparoskopii)<\/li>\n<li>w ci\u0105gu ostatnich 6 miesi\u0119cy nie by\u0142e\u015b leczony krwi\u0105 lub jej sk\u0142adnikami<\/li>\n<\/ul>\n<p>[\/et_pb_text][\/et_pb_column][et_pb_column type=&#8221;1_3&#8243;][et_pb_image admin_label=&#8221;Obraz&#8221; src=&#8221;http:\/\/mojakrew.org\/wp-content\/uploads\/2016\/11\/38051973_ml-2.jpg&#8221; show_in_lightbox=&#8221;off&#8221; url_new_window=&#8221;off&#8221; use_overlay=&#8221;off&#8221; animation=&#8221;off&#8221; sticky=&#8221;off&#8221; align=&#8221;center&#8221; force_fullwidth=&#8221;off&#8221; always_center_on_mobile=&#8221;on&#8221; use_border_color=&#8221;off&#8221; border_color=&#8221;#ffffff&#8221; border_style=&#8221;solid&#8221;] [\/et_pb_image][\/et_pb_column][\/et_pb_row][\/et_pb_section][et_pb_section admin_label=&#8221;Sekcja&#8221; fullwidth=&#8221;off&#8221; specialty=&#8221;off&#8221; background_image=&#8221;http:\/\/mojakrew.org\/wp-content\/uploads\/2016\/11\/mozesz-oddac-krew-po-2.jpg&#8221; transparent_background=&#8221;off&#8221; allow_player_pause=&#8221;off&#8221; inner_shadow=&#8221;off&#8221; parallax=&#8221;off&#8221; parallax_method=&#8221;off&#8221; padding_mobile=&#8221;off&#8221; make_fullwidth=&#8221;off&#8221; use_custom_width=&#8221;off&#8221; width_unit=&#8221;on&#8221; make_equal=&#8221;off&#8221; use_custom_gutter=&#8221;off&#8221;][et_pb_row admin_label=&#8221;Wiersz&#8221;][et_pb_column type=&#8221;1_2&#8243;][\/et_pb_column][et_pb_column type=&#8221;1_2&#8243;][et_pb_divider admin_label=&#8221;Separator&#8221; color=&#8221;#ffffff&#8221; show_divider=&#8221;off&#8221; height=&#8221;50&#8243; divider_style=&#8221;solid&#8221; divider_position=&#8221;top&#8221; hide_on_mobile=&#8221;on&#8221;] [\/et_pb_divider][et_pb_text admin_label=&#8221;Tekst&#8221; background_layout=&#8221;light&#8221; text_orientation=&#8221;left&#8221; use_border_color=&#8221;off&#8221; border_color=&#8221;#ffffff&#8221; border_style=&#8221;solid&#8221;]<\/p>\n<h2><strong><span style=\"color: #ff0000;\">Mo\u017cesz odda\u0107 krew po okresie:<\/span><\/strong><\/h2>\n<p>[\/et_pb_text][et_pb_divider admin_label=&#8221;Separator&#8221; color=&#8221;#ffffff&#8221; show_divider=&#8221;off&#8221; height=&#8221;50&#8243; divider_style=&#8221;solid&#8221; divider_position=&#8221;top&#8221; hide_on_mobile=&#8221;on&#8221;] [\/et_pb_divider][et_pb_text admin_label=&#8221;Tekst&#8221; background_layout=&#8221;light&#8221; text_orientation=&#8221;left&#8221; use_border_color=&#8221;off&#8221; border_color=&#8221;#ffffff&#8221; border_style=&#8221;solid&#8221;]<\/p>\n<ul>\n<li><span style=\"color: #ff0000;\"><strong>6 miesi\u0119cy<\/strong> po du\u017cych zabiegach chirurgicznych<\/span><\/li>\n<li><span style=\"color: #ff0000;\"><strong> 2 tygodni<\/strong> po przebyciu grypy lub infekcji powy\u017cej 38C<\/span><\/li>\n<li><span style=\"color: #ff0000;\"><strong> 7 dni<\/strong> po wykonaniu ma\u0142ego zabiegu chirurgicznego (np. usuni\u0119cie z\u0119ba)<\/span><\/li>\n<li><span style=\"color: #ff0000;\"><strong> 48 godzin<\/strong> po szczepieniu przeciwko grypie i \u017c\u00f3\u0142taczce oraz anatoksyn\u0105 przeciwt\u0119\u017ccow\u0105<\/span><\/li>\n<li><span style=\"color: #ff0000;\"><strong> 3 dni<\/strong> po zako\u0144czeniu miesi\u0105czki<\/span><\/li>\n<li><span style=\"color: #ff0000;\"><strong> 6 miesi\u0119cy<\/strong> po porodzie lub zako\u0144czeniu ci\u0105\u017cy<\/span><\/li>\n<\/ul>\n<p>[\/et_pb_text][et_pb_divider admin_label=&#8221;Separator&#8221; color=&#8221;#ffffff&#8221; show_divider=&#8221;off&#8221; height=&#8221;20&#8243; divider_style=&#8221;solid&#8221; divider_position=&#8221;top&#8221; hide_on_mobile=&#8221;on&#8221;] [\/et_pb_divider][\/et_pb_column][\/et_pb_row][\/et_pb_section][et_pb_section admin_label=&#8221;Sekcja&#8221; fullwidth=&#8221;on&#8221; specialty=&#8221;off&#8221;][et_pb_fullwidth_image admin_label=&#8221;Obraz w pe\u0142nej szeroko\u015bci&#8221; src=&#8221;http:\/\/mojakrew.org\/wp-content\/uploads\/2016\/11\/dawstwo-2.jpg&#8221; show_in_lightbox=&#8221;off&#8221; url_new_window=&#8221;off&#8221; use_overlay=&#8221;off&#8221; animation=&#8221;off&#8221; use_border_color=&#8221;off&#8221; border_color=&#8221;#ffffff&#8221; border_style=&#8221;solid&#8221;] [\/et_pb_fullwidth_image][\/et_pb_section][et_pb_section admin_label=&#8221;Sekcja&#8221; fullwidth=&#8221;off&#8221; specialty=&#8221;off&#8221; transparent_background=&#8221;off&#8221; background_color=&#8221;#e02b20&#8243; allow_player_pause=&#8221;off&#8221; inner_shadow=&#8221;off&#8221; parallax=&#8221;off&#8221; parallax_method=&#8221;off&#8221; padding_mobile=&#8221;off&#8221; make_fullwidth=&#8221;off&#8221; use_custom_width=&#8221;off&#8221; width_unit=&#8221;on&#8221; make_equal=&#8221;off&#8221; use_custom_gutter=&#8221;off&#8221;][et_pb_row admin_label=&#8221;Wiersz&#8221;][et_pb_column type=&#8221;2_3&#8243;][et_pb_text admin_label=&#8221;Tekst&#8221; background_layout=&#8221;dark&#8221; text_orientation=&#8221;left&#8221; use_border_color=&#8221;off&#8221; border_color=&#8221;#ffffff&#8221; border_style=&#8221;solid&#8221;]<\/p>\n<h1>Wa\u017cne<\/h1>\n<p>[\/et_pb_text][et_pb_text admin_label=&#8221;Tekst&#8221; background_layout=&#8221;dark&#8221; text_orientation=&#8221;left&#8221; use_border_color=&#8221;off&#8221; border_color=&#8221;#ffffff&#8221; border_style=&#8221;solid&#8221;]<\/p>\n<ul>\n<li>oddawanie krwi jest bezbolesne<\/li>\n<li>sprz\u0119t do poboru krwi jest jednorazowy, warunki sterylne<\/li>\n<li>ka\u017cdy dawca jest badany laboratoryjnie przed pobraniem, aby ustali\u0107 czy odpowiada wymaganiom zdrowotnym<\/li>\n<li>krew ka\u017cdego dawcy jest badana na obecno\u015b\u0107 zarazk\u00f3w, chor\u00f3b wenerycznych, AIDS czy \u017c\u00f3\u0142taczki zaka\u017anej<\/li>\n<li>o przydatno\u015bci krwi dawcy decyduje wynik badania i testy \u2013 profesjonalne zasoby techniczne pozwalaj\u0105 na szczeg\u00f3\u0142owa kontrol\u0119 dawcy<\/li>\n<\/ul>\n<p>[\/et_pb_text][\/et_pb_column][et_pb_column type=&#8221;1_3&#8243;][\/et_pb_column][\/et_pb_row][\/et_pb_section][et_pb_section admin_label=&#8221;Sekcja&#8221; fullwidth=&#8221;off&#8221; specialty=&#8221;off&#8221;][et_pb_row admin_label=&#8221;Wiersz&#8221;][et_pb_column type=&#8221;1_3&#8243;][et_pb_image admin_label=&#8221;Obraz&#8221; src=&#8221;http:\/\/mojakrew.org\/wp-content\/uploads\/2016\/11\/zarowy.jpg&#8221; show_in_lightbox=&#8221;off&#8221; url_new_window=&#8221;off&#8221; use_overlay=&#8221;off&#8221; animation=&#8221;off&#8221; sticky=&#8221;off&#8221; align=&#8221;center&#8221; force_fullwidth=&#8221;off&#8221; always_center_on_mobile=&#8221;on&#8221; use_border_color=&#8221;off&#8221; border_color=&#8221;#ffffff&#8221; border_style=&#8221;solid&#8221;] [\/et_pb_image][et_pb_text admin_label=&#8221;Tekst&#8221; background_layout=&#8221;light&#8221; text_orientation=&#8221;left&#8221; use_border_color=&#8221;off&#8221; border_color=&#8221;#ffffff&#8221; border_style=&#8221;solid&#8221;] <span style=\"color: #ff0000;\">w Polsce ka\u017cdego roku wykonuje si\u0119 nawet 2\u00a0000\u00a0000 transfuzji krwi<\/span> [\/et_pb_text][\/et_pb_column][et_pb_column type=&#8221;1_3&#8243;][et_pb_image admin_label=&#8221;Obraz&#8221; src=&#8221;http:\/\/mojakrew.org\/wp-content\/uploads\/2016\/11\/zarowy.jpg&#8221; show_in_lightbox=&#8221;off&#8221; url_new_window=&#8221;off&#8221; use_overlay=&#8221;off&#8221; animation=&#8221;off&#8221; sticky=&#8221;off&#8221; align=&#8221;center&#8221; force_fullwidth=&#8221;off&#8221; always_center_on_mobile=&#8221;on&#8221; use_border_color=&#8221;off&#8221; border_color=&#8221;#ffffff&#8221; border_style=&#8221;solid&#8221;] [\/et_pb_image][et_pb_text admin_label=&#8221;Tekst&#8221; background_layout=&#8221;light&#8221; text_orientation=&#8221;left&#8221; use_border_color=&#8221;off&#8221; border_color=&#8221;#ffffff&#8221; border_style=&#8221;solid&#8221;] <span style=\"color: #ff0000;\">co roku nawet 600\u00a0000 os\u00f3b oddaje krew<\/span> [\/et_pb_text][\/et_pb_column][et_pb_column type=&#8221;1_3&#8243;][et_pb_image admin_label=&#8221;Obraz&#8221; src=&#8221;http:\/\/mojakrew.org\/wp-content\/uploads\/2016\/11\/zarowy.jpg&#8221; show_in_lightbox=&#8221;off&#8221; url_new_window=&#8221;off&#8221; use_overlay=&#8221;off&#8221; animation=&#8221;off&#8221; sticky=&#8221;off&#8221; align=&#8221;center&#8221; force_fullwidth=&#8221;off&#8221; always_center_on_mobile=&#8221;on&#8221; use_border_color=&#8221;off&#8221; border_color=&#8221;#ffffff&#8221; border_style=&#8221;solid&#8221;] [\/et_pb_image][et_pb_text admin_label=&#8221;Tekst&#8221; background_layout=&#8221;light&#8221; text_orientation=&#8221;left&#8221; use_border_color=&#8221;off&#8221; border_color=&#8221;#ffffff&#8221; border_style=&#8221;solid&#8221;] <span style=\"color: #ff0000;\">co 15 sekund w polskich szpitalach potrzebna jest krew<\/span> [\/et_pb_text][\/et_pb_column][\/et_pb_row][et_pb_row admin_label=&#8221;Wiersz&#8221;][et_pb_column type=&#8221;1_3&#8243;][et_pb_image admin_label=&#8221;Obraz&#8221; src=&#8221;http:\/\/mojakrew.org\/wp-content\/uploads\/2016\/11\/zarowy.jpg&#8221; show_in_lightbox=&#8221;off&#8221; url_new_window=&#8221;off&#8221; use_overlay=&#8221;off&#8221; animation=&#8221;off&#8221; sticky=&#8221;off&#8221; align=&#8221;center&#8221; force_fullwidth=&#8221;off&#8221; always_center_on_mobile=&#8221;on&#8221; use_border_color=&#8221;off&#8221; border_color=&#8221;#ffffff&#8221; border_style=&#8221;solid&#8221;] [\/et_pb_image][et_pb_text admin_label=&#8221;Tekst&#8221; background_layout=&#8221;light&#8221; text_orientation=&#8221;left&#8221; use_border_color=&#8221;off&#8221; border_color=&#8221;#ffffff&#8221; border_style=&#8221;solid&#8221;] <span style=\"color: #ff0000;\">termin wa\u017cno\u015bci krwi: krwinki p\u0142ytkowe 5 dni, krwinki czerwone 35 dniu lub 42 dni, osocze w stanie zamro\u017cenia 1 rok<\/span> [\/et_pb_text][\/et_pb_column][et_pb_column type=&#8221;1_3&#8243;][et_pb_image admin_label=&#8221;Obraz&#8221; src=&#8221;http:\/\/mojakrew.org\/wp-content\/uploads\/2016\/11\/zarowy.jpg&#8221; show_in_lightbox=&#8221;off&#8221; url_new_window=&#8221;off&#8221; use_overlay=&#8221;off&#8221; animation=&#8221;off&#8221; sticky=&#8221;off&#8221; align=&#8221;center&#8221; force_fullwidth=&#8221;off&#8221; always_center_on_mobile=&#8221;on&#8221; use_border_color=&#8221;off&#8221; border_color=&#8221;#ffffff&#8221; border_style=&#8221;solid&#8221;] [\/et_pb_image][et_pb_text admin_label=&#8221;Tekst&#8221; background_layout=&#8221;light&#8221; text_orientation=&#8221;left&#8221; use_border_color=&#8221;off&#8221; border_color=&#8221;#ffffff&#8221; border_style=&#8221;solid&#8221;]<\/p>\n<p><span style=\"color: #ff0000;\">termin wa\u017cno\u015bci niekt\u00f3rych preparat\u00f3w krwi i jej sk\u0142adnik\u00f3w wynosi kilka godzin<\/span><\/p>\n<p>[\/et_pb_text][\/et_pb_column][et_pb_column type=&#8221;1_3&#8243;][\/et_pb_column][\/et_pb_row][\/et_pb_section][et_pb_section admin_label=&#8221;Sekcja&#8221; fullwidth=&#8221;on&#8221; specialty=&#8221;off&#8221;][et_pb_fullwidth_image admin_label=&#8221;Obraz w pe\u0142nej szeroko\u015bci&#8221; src=&#8221;http:\/\/mojakrew.org\/wp-content\/uploads\/2016\/11\/procedura-1.jpg&#8221; show_in_lightbox=&#8221;off&#8221; url_new_window=&#8221;off&#8221; use_overlay=&#8221;off&#8221; animation=&#8221;off&#8221; use_border_color=&#8221;off&#8221; border_color=&#8221;#ffffff&#8221; border_style=&#8221;solid&#8221;] [\/et_pb_fullwidth_image][\/et_pb_section]<\/p>\n","protected":false},"excerpt":{"rendered":"<p>Ty te\u017c mo\u017cesz by\u0107 Honorowym Dawc\u0105 Krwi Ty te\u017c mo\u017cesz odda\u0107 krew, wystarczy, \u017ce: masz od 18 do 65 lat i wa\u017cysz co najmniej 50 kg w ci\u0105gu ostatnich 6 miesi\u0119cy nie wykonano u Ciebie tatua\u017cu, przek\u0142ucia uszu lub innych cz\u0119\u015bci cia\u0142a w ci\u0105gu ostatnich 6 miesi\u0119cy nie mia\u0142e\u015b wykonanych diagnostycznych bada\u0144 i zabieg\u00f3w endoskopowych [&hellip;]<\/p>\n","protected":false},"author":2,"featured_media":0,"parent":0,"menu_order":0,"comment_status":"closed","ping_status":"closed","template":"","meta":{"_et_pb_use_builder":"on","_et_pb_old_content":"","_et_gb_content_width":""},"_links":{"self":[{"href":"https:\/\/mojakrew.org\/index.php\/wp-json\/wp\/v2\/pages\/361"}],"collection":[{"href":"https:\/\/mojakrew.org\/index.php\/wp-json\/wp\/v2\/pages"}],"about":[{"href":"https:\/\/mojakrew.org\/index.php\/wp-json\/wp\/v2\/types\/page"}],"author":[{"embeddable":true,"href":"https:\/\/mojakrew.org\/index.php\/wp-json\/wp\/v2\/users\/2"}],"replies":[{"embeddable":true,"href":"https:\/\/mojakrew.org\/index.php\/wp-json\/wp\/v2\/comments?post=361"}],"version-history":[{"count":36,"href":"https:\/\/mojakrew.org\/index.php\/wp-json\/wp\/v2\/pages\/361\/revisions"}],"predecessor-version":[{"id":512,"href":"https:\/\/mojakrew.org\/index.php\/wp-json\/wp\/v2\/pages\/361\/revisions\/512"}],"wp:attachment":[{"href":"https:\/\/mojakrew.org\/index.php\/wp-json\/wp\/v2\/media?parent=361"}],"curies":[{"name":"wp","href":"https:\/\/api.w.org\/{rel}","templated":true}]}}